- m/(-1). Suppose o + 23 = w. Calculate the remainder when o is divided by 17.
15
Let a be (-3 - -5)/(3/(-60)). Let u = -26 - a. Calculate the remainder when u is divided by 8.
6
Suppose -119 = -s - 2*s - 5*z, -4*s - 3*z + 155 = 0. What is the remainder when s is divided by 14?
10
Let w = -1 + 3. Suppose -2*d - 3*d + 763 = -3*h, 2*h + w = 0. Suppose -d = m - 5*m. What is the remainder when m is divided by 20?
18
Let q(x) = x**3 + 7*x**2 - 2*x + 4. What is the remainder when 88 is divided by q(-7)?
16
Let y(j) = -j**3 - 13*j**2 - 26*j - 33. Calculate the remainder when 29 is divided by y(-11).
7
Let f(a) = 34*a**2 + 4*a - 4. Suppose 5*i - 140 = 5*g, -4 = g + 3*g. Let h = -15 + i. What is the remainder when f(1) is divided by h?
10
Suppose 4 + 131 = -5*p - 5*o, 2*o - 86 = 3*p. Let s = p - -12. Let j = s + 45. Calculate the remainder when j is divided by 10.
9
Suppose -18 = -5*g - 2*s, -3*s = -g - 8 - 2. Suppose 4*h - 12 = 4. Suppose 21 = 5*f - h*a, -3*f = -8*f + 5*a + 25. What is the remainder when g is divided by f?
0
What is the remainder when 12/5*(0 + 10) is divided by 9?
6
Let v be 6 - (-1)/1*-3. Suppose -q - v*y + 4*y = -23, -5*y = 3*q - 45. What is the remainder when 59 is divided by q?
19
Let w = -126 + 137. What is the remainder when 29 - 1/(-1)*1 is divided by w?
8
Suppose 2*r = -d + 5*r - 4, -6 = -4*d + r. Suppose -d*a = -4 - 106. What is the remainder when a is divided by 14?
13
Let o(d) = d**3 + 4*d**2 - 2*d - 5. Let f be o(-4). Suppose -18 = s + f. Let q = s + 34. What is the remainder when 38 is divided by q?
12
Let k be (-110)/(-15) + 1/(-3). Suppose m + k = -l + 17, m - 4*l - 20 = 0. What is the remainder when 34 is divided by m?
10
Let s(g) = g**2 - 1. Let r(z) = 3*z**2 - 3*z - 4. Let v(q) = -r(q) + 5*s(q). What is the remainder when (25 + -2)*(2 + -1) is divided by v(-3)?
7
Suppose -22 - 10 = -2*c. Suppose 5*w - c = w. Let z = 9 + -2. What is the remainder when z is divided by w?
3
Let d be (-12)/(-5) - 8/20. Let n = 118 + -81. Suppose 5*j + 5*w = 40, -w + d*w + n = 4*j. Calculate the remainder when 26 is divided by j.
8
Suppose l + 2*x - 12 - 44 = 0, 0 = 3*l - 2*x - 152. Let z = l + 2. Calculate the remainder when z is divided by 19.
16
Let h = 15 - 7. Suppose -3*l = -0*l - 33. Let k = h + l. What is the remainder when 55 is divided by k?
17
Suppose -11 = 5*q + 9. Suppose -5*f + 48 = -4*s, -10 = -2*f - 5*s + 2*s. Let o = q + f. Calculate the remainder when 10 is divided by o.
2
Suppose -3*d = 4*i - 168, 0 = -3*d + 4*i - 8 + 152. Suppose 0*j = 4*j - 5*c + 32, 4*j + 4*c = -32. What is the remainder when d is divided by (-218)/j - 2/8?
25
Let y = -1 + 7. Let r = y + 0. What is the remainder when 9 is divided by r?
3
Let g be 1/(2/(-6)) - 18. Suppose -5*t + 67 = -13. What is the remainder when (-3)/(-21) - 942/g is divided by t?
13
Let m = -5 - -9. Suppose j = -x, 3*x = -m*j - 0 - 2. Suppose -4*a + 17 = -3*o, 0 = x*a - 4*o - 8 - 8. What is the remainder when 3 is divided by a?
1
Suppose -4 - 5 = -p + 3*d, 0 = 3*d + 6. Suppose 0 = -3*z + 2*r + 19, -p*z + 35 = r + 13. What is the remainder when -2 - -3 - (2 + -19) is divided by z?
4
Suppose 2*f + 50 = f. Let g = 76 + f. Suppose 0 = -3*i - 11 + g. What is the remainder when 13 is divided by i?
3
Let i(h) = -h**3 + 13*h**2 - h + 5. Let c be i(13). Let w(s) = s + 9. What is the remainder when 3 is divided by w(c)?
0
Let f(s) = 2*s**2 + 27*s + 39. What is the remainder when 22 is divided by f(-12)?
1
Suppose 34 = 7*y - 3*y + t, -10 = 5*t. Suppose -5*m = -a - y, -m + 21 = -a + 4*a. What is the remainder when 14 is divided by a?
2
Let c = 118 - 64. Suppose 5*r - 70 = -0*r. Calculate the remainder when c is divided by r.
12
Let a(h) = h**3 - 2*h**2 + 3*h - 1. Suppose -2 = -4*n - 4*d + 6, -3*d + 10 = 4*n. Suppose -13 = -n*i - 5. What is the remainder when 8 is divided by a(i)?
3
Suppose 2*b - 5*o = -2*b + 81, 0 = -4*b - o + 51. Calculate the remainder when 25 is divided by b.
11
Let p = 1 - 2. Let b be 1 + (0 - p) + 1. What is the remainder when 31 is divided by 10/(-15) + 35/b?
9
Let y(g) be the third derivative of g**5/60 + g**4/8 - 2*g**3/3 - g**2. What is the remainder when 26 is divided by y(3)?
12
Let u(g) = g + 2. What is the remainder when 13 is divided by u(5)?
6
Let x(s) = 9*s**2 - 2*s - 1. Suppose w = 9 - 4. Suppose 3*t - 18 - 45 = -u, w*u = -2*t + 55. Calculate the remainder when x(-2) is divided by t.
19
Let x be (-27)/(-6)*(-10)/(-3). Suppose -2*a - a = -x. Suppose -a*f + r + 2 = -11, f = 2*r + 8. Calculate the remainder when 4 is divided by f.
0
Suppose 30 = t + 2*t. What is the remainder when t is divided by 4?
2
Suppose 5*o - 100 = 65. Suppose -5*s + 2 = -5*y - 13, -4*s = 5*y + o. Let v = 6 - s. What is the remainder when 15 is divided by v?
7
Suppose -2*b = 3*c - 68, 4*c - 19 = -3. What is the remainder when 139 is divided by b?
27
Let y(h) = 14*h**2 - 2*h - 1. Let f = 0 - -2. Suppose 45 + 10 = f*t - 3*c, -2*c = -5*t + 143. Calculate the remainder when t is divided by y(-1).
14
Let a(u) = u**3 + 7*u**2 + u - 2. Suppose 5*z - 104 = 1. Suppose -4*d + 5*o - z = -91, d - 11 = -2*o. What is the remainder when a(-5) is divided by d?
13
Suppose -58 = -5*p - f, -4*p + 2*f = 4*f - 44. Calculate the remainder when 79 is divided by p.
7
Let r be 0 + -1 + -1 + 1. Suppose 0 = -4*i + 5*i - 19. Calculate the remainder when 2/(1/r) - -38 is divided by i.
17
Let c be 1*2 - (-6 - -6). Suppose 2*f = -f - 2*h + 4, -c*h = 8. Suppose 0 = 5*m - f*m - 19. Calculate the remainder when 56 is divided by m.
18
Let k(o) = -11*o + 14*o + 3*o**2 - 4 + 3*o**2 - 3*o**2. Let g = -5 - -2. What is the remainder when 27 is divided by k(g)?
13
What is the remainder when 37 is divided by 210/28 - 2/(-4)?
5
Let i be (8/12)/((-2)/24). Let u = -15 - -40. What is the remainder when u is divided by -52*((-22)/i - 3)?
12
Let z = 53 + -45. What is the remainder when 22 is divided by z?
6
Suppose 3*c + 5 = -31. Let z be 3/c - 10/(-8). Calculate the remainder when 14 is divided by -2 + (-1 - -6) + z.
2
Let v(g) = g**2 - 5*g - 4. Let b be 5 + 0 - (-5 + 4). Let a be v(b). Suppose 0 = a*d + d - 45. What is the remainder when d is divided by 8?
7
Let r = 0 + 5. Suppose d - 4 = -3*d. Calculate the remainder when 16 is divided by d*r + (-2 - -3).
4
Let g(c) = 9*c**2 - 3*c + 5. What is the remainder when g(3) is divided by 16?
13
Suppose -270 = -0*n - 3*n. Let w = n + -45. What is the remainder when w is divided by 16?
13
Let z be 1 - 0 - (-4 + 12). Let o(a) = a**2 + 6*a + 4. What is the remainder when 41 is divided by o(z)?
8
Suppose 10 = -3*a + 8*a. Let y(q) = -5*q**2 + 0*q**a - 6*q + 4*q**2 + 5. What is the remainder when y(-6) is divided by 4?
1
Let w = 90 - 43. Suppose 0*a = -3*y + 3*a + 36, 0 = 3*a. What is the remainder when w is divided by y?
11
Let z = -2 - -4. Suppose -t = -z*t. Let n(q) = -q**2 - q + 34. What is the remainder when n(t) is divided by 12?
10
Let f = 38 + -23. Suppose 0*i + f = 3*i. Suppose -61 + 21 = -4*b - 2*w, 0 = -i*b + 5*w + 65. Calculate the remainder when 31 is divided by b.
9
Suppose 4*u - 40 = -0*u. What is the remainder when 2 - (3 + -43 - -3) is divided by u?
9
Let c = -19 + 35. Calculate the remainder when c is divided by ((-45)/(-18))/(2/4).
1
Let b be (4/5)/((-4)/80). Let z = 7 - b. Suppose -3*y + 22 = -2. What is the remainder when z is divided by y?
7
Suppose -3*u = 4*q - 16, 3*q = 6*q + 4*u - 12. Suppose -3*v + 2 = -q*v. What is the remainder when (-15)/v + 7/(-14) is divided by 3?
1
Suppose 3*v - 114 = -3*v. What is the remainder when v is divided by 10?
9
Let l = -17 - -21. Calculate the remainder when 6 is divided by l.
2
Let c(t) = -t**3 - 5*t**2 - 3*t - 2. Suppose -o - 6 = -1. Calculate the remainder when c(o) is divided by 5.
3
Let f(i) = 3*i**2 + 11. Let y(k) = -2*k**2 - 5. Let h(t) = 3*f(t) + 5*y(t). What is the remainder when h(0) is divided by 5?
3
Suppose 0 = 2*b + 4*s - 124, -4*b - 3*s - 56 = -279. Suppose 2*c + q + 2*q - b = 0, -4*c + q = -90. Calculate the remainder when c is divided by 10.
3
Suppose 0*s - 4*s = -108. Calculate the remainder when 78 is divided by s.
24
Let h(s) = -s**2 + 23*s - 4. What is the remainder when 103 is divided by h(20)?
47
Let n(z) = 2*z**2 + z - 7. Suppose -11 + 113 = 6*r. Calculate the remainder when n(5) is divided by r.
14
Let q = 16